{"id":10705,"date":"2023-03-10T14:21:52","date_gmt":"2023-03-10T13:21:52","guid":{"rendered":"https:\/\/flexim.eu\/product\/spatel\/"},"modified":"2023-04-03T16:23:54","modified_gmt":"2023-04-03T14:23:54","slug":"spatel","status":"publish","type":"product","link":"https:\/\/flexim.eu\/da\/product\/spatel\/","title":{"rendered":"Spatel"},"content":{"rendered":"","protected":false},"excerpt":{"rendered":"<p><strong>\u20ac 1,90 inkl. moms<\/strong><\/p>\n<p>En flot spatel, der fungerer fantastisk til hurtige og sm\u00e5 opgaver p\u00e5 taget!<\/p>\n<p>Denne spatel har et rustfrit st\u00e5lblad og et tr\u00e6h\u00e5ndtag. Den ligger godt i h\u00e5nden og sikrer en p\u00e6n finish af produktet. Finishen er vigtig for en god vedh\u00e6ftning af Flexim til tagsten<\/p>\n","protected":false},"featured_media":10396,"comment_status":"closed","ping_status":"closed","template":"","meta":[],"product_brand":[],"product_cat":[111],"product_tag":[],"class_list":{"0":"post-10705","1":"product","2":"type-product","3":"status-publish","4":"has-post-thumbnail","6":"product_cat-ingen-kategori","8":"first","9":"instock","10":"taxable","11":"shipping-taxable","12":"purchasable","13":"product-type-simple"},"_links":{"self":[{"href":"https:\/\/flexim.eu\/da\/wp-json\/wp\/v2\/product\/10705","targetHints":{"allow":["GET"]}}],"collection":[{"href":"https:\/\/flexim.eu\/da\/wp-json\/wp\/v2\/product"}],"about":[{"href":"https:\/\/flexim.eu\/da\/wp-json\/wp\/v2\/types\/product"}],"replies":[{"embeddable":true,"href":"https:\/\/flexim.eu\/da\/wp-json\/wp\/v2\/comments?post=10705"}],"wp:featuredmedia":[{"embeddable":true,"href":"https:\/\/flexim.eu\/da\/wp-json\/wp\/v2\/media\/10396"}],"wp:attachment":[{"href":"https:\/\/flexim.eu\/da\/wp-json\/wp\/v2\/media?parent=10705"}],"wp:term":[{"taxonomy":"product_brand","embeddable":true,"href":"https:\/\/flexim.eu\/da\/wp-json\/wp\/v2\/product_brand?post=10705"},{"taxonomy":"product_cat","embeddable":true,"href":"https:\/\/flexim.eu\/da\/wp-json\/wp\/v2\/product_cat?post=10705"},{"taxonomy":"product_tag","embeddable":true,"href":"https:\/\/flexim.eu\/da\/wp-json\/wp\/v2\/product_tag?post=10705"}],"curies":[{"name":"wp","href":"https:\/\/api.w.org\/{rel}","templated":true}]}}

<p><strong>€ 1,90 inkl. moms</strong></p>
<p>En flot spatel, der fungerer fantastisk til hurtige og små opgaver på taget!</p>
<p>Denne spatel har et rustfrit stålblad og et træhåndtag. Den ligger godt i hånden og sikrer en pæn finish af produktet. Finishen er vigtig for en god vedhæftning af Flexim til tagsten</p>
