{"id":10711,"date":"2023-03-10T14:21:52","date_gmt":"2023-03-10T13:21:52","guid":{"rendered":"https:\/\/flexim.eu\/product\/espatula\/"},"modified":"2023-04-03T16:21:54","modified_gmt":"2023-04-03T14:21:54","slug":"espatula","status":"publish","type":"product","link":"https:\/\/flexim.eu\/es\/product\/espatula\/","title":{"rendered":"Esp\u00e1tula"},"content":{"rendered":"","protected":false},"excerpt":{"rendered":"<p><strong>1,90\u20ac incluido IVA<\/strong><\/p>\n<p>\u00a1Una bonita esp\u00e1tula que funciona muy bien para trabajos r\u00e1pidos y peque\u00f1os en el techo!<\/p>\n<p>Esta esp\u00e1tula tiene una hoja de acero inoxidable y un mango de madera. Se adapta bien a la mano y asegura un acabado limpio del producto. El acabado es importante para una buena adherencia del Flexim a la teja<\/p>\n","protected":false},"featured_media":10402,"comment_status":"closed","ping_status":"closed","template":"","meta":[],"product_brand":[],"product_cat":[117],"product_tag":[],"class_list":{"0":"post-10711","1":"product","2":"type-product","3":"status-publish","4":"has-post-thumbnail","6":"product_cat-ninguna-categoria","8":"first","9":"instock","10":"taxable","11":"shipping-taxable","12":"purchasable","13":"product-type-simple"},"_links":{"self":[{"href":"https:\/\/flexim.eu\/es\/wp-json\/wp\/v2\/product\/10711","targetHints":{"allow":["GET"]}}],"collection":[{"href":"https:\/\/flexim.eu\/es\/wp-json\/wp\/v2\/product"}],"about":[{"href":"https:\/\/flexim.eu\/es\/wp-json\/wp\/v2\/types\/product"}],"replies":[{"embeddable":true,"href":"https:\/\/flexim.eu\/es\/wp-json\/wp\/v2\/comments?post=10711"}],"wp:featuredmedia":[{"embeddable":true,"href":"https:\/\/flexim.eu\/es\/wp-json\/wp\/v2\/media\/10402"}],"wp:attachment":[{"href":"https:\/\/flexim.eu\/es\/wp-json\/wp\/v2\/media?parent=10711"}],"wp:term":[{"taxonomy":"product_brand","embeddable":true,"href":"https:\/\/flexim.eu\/es\/wp-json\/wp\/v2\/product_brand?post=10711"},{"taxonomy":"product_cat","embeddable":true,"href":"https:\/\/flexim.eu\/es\/wp-json\/wp\/v2\/product_cat?post=10711"},{"taxonomy":"product_tag","embeddable":true,"href":"https:\/\/flexim.eu\/es\/wp-json\/wp\/v2\/product_tag?post=10711"}],"curies":[{"name":"wp","href":"https:\/\/api.w.org\/{rel}","templated":true}]}}

Espátula

<p><strong>1,90€ incluido IVA</strong></p>
<p>¡Una bonita espátula que funciona muy bien para trabajos rápidos y pequeños en el techo!</p>
<p>Esta espátula tiene una hoja de acero inoxidable y un mango de madera. Se adapta bien a la mano y asegura un acabado limpio del producto. El acabado es importante para una buena adherencia del Flexim a la teja</p>
