{"id":10700,"date":"2023-03-10T14:22:43","date_gmt":"2023-03-10T13:22:43","guid":{"rendered":"https:\/\/flexim.eu\/product\/etui\/"},"modified":"2023-04-03T16:25:31","modified_gmt":"2023-04-03T14:25:31","slug":"etui","status":"publish","type":"product","link":"https:\/\/flexim.eu\/fr\/product\/etui\/","title":{"rendered":"\u00c9tui"},"content":{"rendered":"","protected":false},"excerpt":{"rendered":"<p><strong>3,10 \u20ac TTC T.V.A.<\/strong><\/p>\n<p>Comment ranger proprement ma lame de finition apr\u00e8s utilisation ?<\/p>\n<p>Nous avons d\u00e9velopp\u00e9 un \u00e9tui sp\u00e9cial pour le couteau de finition. L&#8217;\u00e9tui sert \u00e0 ranger proprement la lame de finition apr\u00e8s utilisation. Cela signifie qu&#8217;un travail sur le toit peut \u00eatre effectu\u00e9 proprement et en toute s\u00e9curit\u00e9 !<\/p>\n","protected":false},"featured_media":10405,"comment_status":"closed","ping_status":"closed","template":"","meta":[],"product_brand":[],"product_cat":[113],"product_tag":[],"class_list":{"0":"post-10700","1":"product","2":"type-product","3":"status-publish","4":"has-post-thumbnail","6":"product_cat-aucune-categorie","8":"first","9":"instock","10":"taxable","11":"shipping-taxable","12":"purchasable","13":"product-type-simple"},"_links":{"self":[{"href":"https:\/\/flexim.eu\/fr\/wp-json\/wp\/v2\/product\/10700","targetHints":{"allow":["GET"]}}],"collection":[{"href":"https:\/\/flexim.eu\/fr\/wp-json\/wp\/v2\/product"}],"about":[{"href":"https:\/\/flexim.eu\/fr\/wp-json\/wp\/v2\/types\/product"}],"replies":[{"embeddable":true,"href":"https:\/\/flexim.eu\/fr\/wp-json\/wp\/v2\/comments?post=10700"}],"wp:featuredmedia":[{"embeddable":true,"href":"https:\/\/flexim.eu\/fr\/wp-json\/wp\/v2\/media\/10405"}],"wp:attachment":[{"href":"https:\/\/flexim.eu\/fr\/wp-json\/wp\/v2\/media?parent=10700"}],"wp:term":[{"taxonomy":"product_brand","embeddable":true,"href":"https:\/\/flexim.eu\/fr\/wp-json\/wp\/v2\/product_brand?post=10700"},{"taxonomy":"product_cat","embeddable":true,"href":"https:\/\/flexim.eu\/fr\/wp-json\/wp\/v2\/product_cat?post=10700"},{"taxonomy":"product_tag","embeddable":true,"href":"https:\/\/flexim.eu\/fr\/wp-json\/wp\/v2\/product_tag?post=10700"}],"curies":[{"name":"wp","href":"https:\/\/api.w.org\/{rel}","templated":true}]}}

Étui

<p><strong>3,10 € TTC T.V.A.</strong></p>
<p>Comment ranger proprement ma lame de finition après utilisation ?</p>
<p>Nous avons développé un étui spécial pour le couteau de finition. L&#8217;étui sert à ranger proprement la lame de finition après utilisation. Cela signifie qu&#8217;un travail sur le toit peut être effectué proprement et en toute sécurité !</p>
