{"id":10714,"date":"2023-03-10T14:21:05","date_gmt":"2023-03-10T13:21:05","guid":{"rendered":"https:\/\/flexim.eu\/product\/couteau-de-finition\/"},"modified":"2023-04-03T16:20:57","modified_gmt":"2023-04-03T14:20:57","slug":"lame-de-finition","status":"publish","type":"product","link":"https:\/\/flexim.eu\/fr\/product\/lame-de-finition\/","title":{"rendered":"couteau de finition"},"content":{"rendered":"","protected":false},"excerpt":{"rendered":"<p><strong>4,90 \u20ac TTC T.V.A.<\/strong><\/p>\n<p>Terminer Flexim rapidement et facilement ? C&#8217;est l&#8217;outil parfait !<\/p>\n<p>Ce couteau de finition Flexim a une pointe ronde afin que le Flexim puisse \u00eatre facilement enduit le long des bords avec le couteau. La finition est importante pour une bonne adh\u00e9rence du Flexim \u00e0 la tuile.<\/p>\n","protected":false},"featured_media":10391,"comment_status":"closed","ping_status":"closed","template":"","meta":[],"product_brand":[],"product_cat":[113],"product_tag":[],"class_list":{"0":"post-10714","1":"product","2":"type-product","3":"status-publish","4":"has-post-thumbnail","6":"product_cat-aucune-categorie","8":"first","9":"instock","10":"taxable","11":"shipping-taxable","12":"purchasable","13":"product-type-simple"},"_links":{"self":[{"href":"https:\/\/flexim.eu\/fr\/wp-json\/wp\/v2\/product\/10714","targetHints":{"allow":["GET"]}}],"collection":[{"href":"https:\/\/flexim.eu\/fr\/wp-json\/wp\/v2\/product"}],"about":[{"href":"https:\/\/flexim.eu\/fr\/wp-json\/wp\/v2\/types\/product"}],"replies":[{"embeddable":true,"href":"https:\/\/flexim.eu\/fr\/wp-json\/wp\/v2\/comments?post=10714"}],"wp:featuredmedia":[{"embeddable":true,"href":"https:\/\/flexim.eu\/fr\/wp-json\/wp\/v2\/media\/10391"}],"wp:attachment":[{"href":"https:\/\/flexim.eu\/fr\/wp-json\/wp\/v2\/media?parent=10714"}],"wp:term":[{"taxonomy":"product_brand","embeddable":true,"href":"https:\/\/flexim.eu\/fr\/wp-json\/wp\/v2\/product_brand?post=10714"},{"taxonomy":"product_cat","embeddable":true,"href":"https:\/\/flexim.eu\/fr\/wp-json\/wp\/v2\/product_cat?post=10714"},{"taxonomy":"product_tag","embeddable":true,"href":"https:\/\/flexim.eu\/fr\/wp-json\/wp\/v2\/product_tag?post=10714"}],"curies":[{"name":"wp","href":"https:\/\/api.w.org\/{rel}","templated":true}]}}

<p><strong>4,90 € TTC T.V.A.</strong></p>
<p>Terminer Flexim rapidement et facilement ? C&#8217;est l&#8217;outil parfait !</p>
<p>Ce couteau de finition Flexim a une pointe ronde afin que le Flexim puisse être facilement enduit le long des bords avec le couteau. La finition est importante pour une bonne adhérence du Flexim à la tuile.</p>
