{"id":10683,"date":"2023-03-13T10:33:45","date_gmt":"2023-03-13T09:33:45","guid":{"rendered":"https:\/\/flexim.eu\/product\/flexim-embalagens-pequenas\/"},"modified":"2025-03-25T10:32:10","modified_gmt":"2025-03-25T09:32:10","slug":"embalagem-pequena-flexim","status":"publish","type":"product","link":"https:\/\/flexim.eu\/pt-pt\/product\/embalagem-pequena-flexim\/","title":{"rendered":"Embalagem pequena Flexim"},"content":{"rendered":"<p>Pequeno trabalho de manuten\u00e7\u00e3o? Esta \u00e9 a embalagem perfeita para quem gosta de fazer voc\u00ea mesmo!<\/p>\n<h2>Por que escolher a Argamassa para Telhados Flexim?<\/h2>\n<p>A Argamassa para Telhados Flexim \u00e9 a solu\u00e7\u00e3o profissional para fixar de forma robusta e duradoura as telhas de cumeeira e as telhas. Gra\u00e7as \u00e0s tiras prontas para uso, a aplica\u00e7\u00e3o \u00e9 r\u00e1pida e simples, sem necessidade de misturar ou esperar pela secagem. Flexim \u00e9 flex\u00edvel, resistente \u00e0 \u00e1gua e ao gelo, tornando-a resistente a todas as condi\u00e7\u00f5es clim\u00e1ticas.  <\/p>\n<h3>Embalagem e Consumo<\/h3>\n<p><strong>Conte\u00fado:<\/strong> 5 tiras (10 cm x 50 cm x 3,5 cm)<br \/>\n<strong>Peso:<\/strong> cerca de 4,5 kg<br \/>\n<strong>Consumo:<\/strong> cerca de 1,50 \u2013 2,50 metros (dependendo do tipo de telha)<br \/>\n<strong>Prazo de validade:<\/strong> 2 anos<\/p>\n<p>Pe\u00e7a agora a<strong> Embalagem Pequena de Flexim<\/strong> e garanta uma veda\u00e7\u00e3o de telhado dur\u00e1vel e de baixa manuten\u00e7\u00e3o!<\/p>\n","protected":false},"excerpt":{"rendered":"<p><strong>\u20ac57,05 incl. IVA<\/strong><\/p>\n<p><strong>A solu\u00e7\u00e3o para uma fixa\u00e7\u00e3o robusta das telhas de cumeeira!<\/strong><\/p>\n<ul>\n<li><strong>Pronto para uso imediato<\/strong> \u2013 Sem necessidade de mistura.<\/li>\n<li><strong>Dur\u00e1vel e flex\u00edvel<\/strong> \u2013 Resistente \u00e0s varia\u00e7\u00f5es de temperatura.<\/li>\n<li><strong>Resistente \u00e0s intemp\u00e9ries<\/strong> \u2013 Resistente \u00e0 \u00e1gua e ao gelo para uma longa durabilidade.<\/li>\n<li><strong>Aplica\u00e7\u00e3o simples <\/strong>\u2013 Inclui 4 pares de luvas de l\u00e1tex.<\/li>\n<\/ul>\n","protected":false},"featured_media":10527,"comment_status":"closed","ping_status":"closed","template":"","meta":[],"product_brand":[],"product_cat":[116],"product_tag":[],"class_list":{"0":"post-10683","1":"product","2":"type-product","3":"status-publish","4":"has-post-thumbnail","6":"product_cat-sem-categoria","8":"first","9":"instock","10":"taxable","11":"shipping-taxable","12":"purchasable","13":"product-type-variable","14":"has-default-attributes"},"_links":{"self":[{"href":"https:\/\/flexim.eu\/pt-pt\/wp-json\/wp\/v2\/product\/10683","targetHints":{"allow":["GET"]}}],"collection":[{"href":"https:\/\/flexim.eu\/pt-pt\/wp-json\/wp\/v2\/product"}],"about":[{"href":"https:\/\/flexim.eu\/pt-pt\/wp-json\/wp\/v2\/types\/product"}],"replies":[{"embeddable":true,"href":"https:\/\/flexim.eu\/pt-pt\/wp-json\/wp\/v2\/comments?post=10683"}],"wp:featuredmedia":[{"embeddable":true,"href":"https:\/\/flexim.eu\/pt-pt\/wp-json\/wp\/v2\/media\/10527"}],"wp:attachment":[{"href":"https:\/\/flexim.eu\/pt-pt\/wp-json\/wp\/v2\/media?parent=10683"}],"wp:term":[{"taxonomy":"product_brand","embeddable":true,"href":"https:\/\/flexim.eu\/pt-pt\/wp-json\/wp\/v2\/product_brand?post=10683"},{"taxonomy":"product_cat","embeddable":true,"href":"https:\/\/flexim.eu\/pt-pt\/wp-json\/wp\/v2\/product_cat?post=10683"},{"taxonomy":"product_tag","embeddable":true,"href":"https:\/\/flexim.eu\/pt-pt\/wp-json\/wp\/v2\/product_tag?post=10683"}],"curies":[{"name":"wp","href":"https:\/\/api.w.org\/{rel}","templated":true}]}}

<p>Pequeno trabalho de manutenção? Esta é a embalagem perfeita para quem gosta de fazer você mesmo!</p>
<h2>Por que escolher a Argamassa para Telhados Flexim?</h2>
<p>A Argamassa para Telhados Flexim é a solução profissional para fixar de forma robusta e duradoura as telhas de cumeeira e as telhas. Graças às tiras prontas para uso, a aplicação é rápida e simples, sem necessidade de misturar ou esperar pela secagem. Flexim é flexível, resistente à água e ao gelo, tornando-a resistente a todas as condições climáticas.  </p>
<h3>Embalagem e Consumo</h3>
<p><strong>Conteúdo:</strong> 5 tiras (10 cm x 50 cm x 3,5 cm)<br />
<strong>Peso:</strong> cerca de 4,5 kg<br />
<strong>Consumo:</strong> cerca de 1,50 – 2,50 metros (dependendo do tipo de telha)<br />
<strong>Prazo de validade:</strong> 2 anos</p>
<p>Peça agora a<strong> Embalagem Pequena de Flexim</strong> e garanta uma vedação de telhado durável e de baixa manutenção!</p>

<p><strong>€57,05 incl. IVA</strong></p>
<p><strong>A solução para uma fixação robusta das telhas de cumeeira!</strong></p>
<ul>
<li><strong>Pronto para uso imediato</strong> – Sem necessidade de mistura.</li>
<li><strong>Durável e flexível</strong> – Resistente às variações de temperatura.</li>
<li><strong>Resistente às intempéries</strong> – Resistente à água e ao gelo para uma longa durabilidade.</li>
<li><strong>Aplicação simples </strong>– Inclui 4 pares de luvas de látex.</li>
</ul>
