{"id":10717,"date":"2023-03-10T14:21:05","date_gmt":"2023-03-10T13:21:05","guid":{"rendered":"https:\/\/flexim.eu\/product\/faca-de-acabamento\/"},"modified":"2023-04-03T16:19:59","modified_gmt":"2023-04-03T14:19:59","slug":"faca-de-acabamento","status":"publish","type":"product","link":"https:\/\/flexim.eu\/pt-pt\/product\/faca-de-acabamento\/","title":{"rendered":"Faca de acabamento"},"content":{"rendered":"","protected":false},"excerpt":{"rendered":"<p><strong>4,90 \u20ac incl. IVA<\/strong><\/p>\n<p>Flexim acabamento r\u00e1pido e f\u00e1cil? Esta \u00e9 a ferramenta perfeita!<\/p>\n<p>Esta faca de acabamento Flexim tem uma ponta redonda para que a Flexim possa ser facilmente lubrificada ao longo das extremidades com a faca. O acabamento \u00e9 importante para uma boa fixa\u00e7\u00e3o do Flexim \u00e0 telha.<\/p>\n","protected":false},"featured_media":10394,"comment_status":"closed","ping_status":"closed","template":"","meta":[],"product_brand":[],"product_cat":[116],"product_tag":[],"class_list":{"0":"post-10717","1":"product","2":"type-product","3":"status-publish","4":"has-post-thumbnail","6":"product_cat-sem-categoria","8":"first","9":"instock","10":"taxable","11":"shipping-taxable","12":"purchasable","13":"product-type-simple"},"_links":{"self":[{"href":"https:\/\/flexim.eu\/pt-pt\/wp-json\/wp\/v2\/product\/10717","targetHints":{"allow":["GET"]}}],"collection":[{"href":"https:\/\/flexim.eu\/pt-pt\/wp-json\/wp\/v2\/product"}],"about":[{"href":"https:\/\/flexim.eu\/pt-pt\/wp-json\/wp\/v2\/types\/product"}],"replies":[{"embeddable":true,"href":"https:\/\/flexim.eu\/pt-pt\/wp-json\/wp\/v2\/comments?post=10717"}],"wp:featuredmedia":[{"embeddable":true,"href":"https:\/\/flexim.eu\/pt-pt\/wp-json\/wp\/v2\/media\/10394"}],"wp:attachment":[{"href":"https:\/\/flexim.eu\/pt-pt\/wp-json\/wp\/v2\/media?parent=10717"}],"wp:term":[{"taxonomy":"product_brand","embeddable":true,"href":"https:\/\/flexim.eu\/pt-pt\/wp-json\/wp\/v2\/product_brand?post=10717"},{"taxonomy":"product_cat","embeddable":true,"href":"https:\/\/flexim.eu\/pt-pt\/wp-json\/wp\/v2\/product_cat?post=10717"},{"taxonomy":"product_tag","embeddable":true,"href":"https:\/\/flexim.eu\/pt-pt\/wp-json\/wp\/v2\/product_tag?post=10717"}],"curies":[{"name":"wp","href":"https:\/\/api.w.org\/{rel}","templated":true}]}}

<p><strong>4,90 € incl. IVA</strong></p>
<p>Flexim acabamento rápido e fácil? Esta é a ferramenta perfeita!</p>
<p>Esta faca de acabamento Flexim tem uma ponta redonda para que a Flexim possa ser facilmente lubrificada ao longo das extremidades com a faca. O acabamento é importante para uma boa fixação do Flexim à telha.</p>
